*d + 42217*d**2 - 42216*d**2 - 92. Calculate u(5).
-6
Let t(x) = -8 - 5 - 1020572*x + 1020571*x. Suppose -b - 14 + 5 = p, 9 = -p + 3*b. Determine t(p).
-4
Let j(d) = 4*d**2 + 7*d + 1. Let w(k) = k**2 + 2*k. Let t(a) = -2*j(a) + 9*w(a). Let p = -289 + 305. Suppose -l = 4*l - 15, -g = -4*l + p. Calculate t(g).
-2
Suppose -80*b - 61 = -141. Let z(j) = 9*j - 9. Let r(v) = 4*v - 4. Let l(n) = 7*r(n) - 3*z(n). Determine l(b).
0
Let q = -1223 + 1244. Let m(g) = g**2 - 19*g - 42. What is m(q)?
0
Let a(s) be the second derivative of -s**4/4 + 4*s**3/3 - 13*s**2/2 - 6*s + 12. Give a(7).
-104
Let z(l) = -15641 + 14*l + 7*l + 15650. Calculate z(0).
9
Let x(z) = -5610934*z - z**2 - 5*z**3 + 4*z**3 + 5610967*z + 6. Determine x(-6).
-12
Let r(a) be the first derivative of 3*a**2/2 - 15*a - 22. Suppose -294 = 3*c - 52*c. What is r(c)?
3
Let l be (-41 - -14 - -31)*10/8. Let f(w) = 65*w - 327. What is f(l)?
-2
Let d(k) be the first derivative of -k**2 - 7*k - 65. Let l be d(-8). Let t(a) = a**2 - 8*a - 13. Calculate t(l).
-4
Let g(o) be the first derivative of o**4/4 + 8*o**3/3 + 4*o**2 + 5*o - 37. Let r(f) = -f**3 - 4. Let v be r(0). Let j = -3 + v. Give g(j).
-2
Suppose -42 = -10*x - 12. Suppose 5*g - 4*n + 13 = 53, -5*g - x*n = -5. Let a(q) = -q**3 + 4*q**2 + 4*q - 6. Give a(g).
10
Let f(n) = 11*n - 1. Let g = 125 - 57. Let s(v) = g - 3*v - 2*v - 68. Let l(t) = 2*f(t) + 5*s(t). Give l(-5).
13
Suppose -r + 3*z = -6*r + 40, -25 = -5*z. Let l(h) = -3*h + 6*h + 0*h - r*h. Suppose -10 = -5*q - 0. Calculate l(q).
-4
Suppose -5*a + 9 = -16. Let w(f) = 12*f**2 + 4*f**3 - a + 3401*f - 5*f**3 - 1699*f - 1701*f. Determine w(12).
7
Let j(c) be the first derivative of 14*c - 39. Let d(b) = -b + 45. Let p(k) = 2*d(k) - 7*j(k). Calculate p(-7).
6
Let f = 8 - 8. Let r(k) be the first derivative of -1/4*k**4 - 1/3*k**3 + 1/2*k**2 - 12*k - 1. Calculate r(f).
-12
Let g(d) = d**3 + 4*d**2 - 3*d + 7. Suppose -2*t + 123 = -2*j + 43, 0 = 4*t - 2*j - 170. Let u be ((-4)/5)/((-18)/t). Let m be (-75)/(-10)*u/(-3). What is g(m)?
-3
Let g(n) = -n**2 + 5*n - 2. Let z be (338*4/24)/((-8)/24). Let m = 173 + z. Give g(m).
2
Suppose 0*l + 5*l + 3*d = -26, d - 2 = l. Let q(h) = -7*h**2 + 2*h - 8. Let b(x) = -9*x**2 + 3*x - 9. Let c(o) = l*b(o) + 5*q(o). What is c(3)?
-1
Let i(k) be the second derivative of -k**3/3 - 7*k**2/2 - 7*k - 64. Determine i(-10).
13
Let i(u) be the third derivative of 7*u**6/120 - u**5/15 + u**4/24 - 1109*u**2. Calculate i(1).
4
Let f(n) = -4*n + 6. Suppose 2*q + 5*i = 14, 2*q - 6*i + i = -26. Let b be (9 + -4)/(-2 - q). Determine f(b).
-14
Suppose -5*x = -7*x + 2, 2*c = 3*x + 1. Let i(u) = 3*u + 4 - 29*u**c - 29*u**2 + 59*u**2 + 3. Determine i(-6).
25
Let a = 39 - 34. Let h(c) be the second derivative of -c**4/12 + 2*c**3/3 - c**2 - 26*c. Give h(a).
-7
Let f(a) = -a - 1. Let u(q) = -q**3 + 7*q**2 + 11*q + 23. Let v(b) = 8*f(b) + u(b). Determine v(7).
36
Let d be (-40)/(-14) - 403/(-2821). Let h(y) = 2*y**3 - 5*y**2 - 4*y - 4. What is h(d)?
-7
Let i(n) be the first derivative of 3*n**2/2 - 7*n - 2534. Give i(4).
5
Suppose -4*z = -q - 9, -16*z - q = -18*z + 5. Let l(r) be the first derivative of 0*r + 0*r**z + 10 - 8/3*r**3. Calculate l(1).
-8
Let c(a) = a**2 - 9*a + 1. Let t(p) = 16*p**2 + 270*p - 24. Let z be t(-17). Calculate c(z).
11
Let t(q) = q**2 - 11*q + 21. Let y(h) = h**2 + 95*h - 500. Let v be y(-100). Determine t(v).
21
Let y be (225/3)/(4 + (-26)/8). Let l = y + -107. Let g(h) = -3*h - 2. Determine g(l).
19
Let v(y) = 4*y + 3. Suppose 5*f = 5*b - 1940, 3*f - 2*f - 3*b = -392. Let i = -392 - f. What is v(i)?
-21
Let h(k) = -8*k - 22. Suppose -8*n = -379*n - 1113. Determine h(n).
2
Suppose -2*p - 3*p - 30 = 0. Let m(y) = -82 - 85 - 76 + y + 240. Give m(p).
-9
Suppose 7 = 24*q - 41. Let z(l) = l**q - 14 + 3*l + 17 + 5*l - 4. What is z(-9)?
8
Let k be (-1)/(-2)*(23 + 13/(-1)). Let z(b) = -b + 1. Let j(t) = -7*t + 18. Let l(c) = k*z(c) - j(c). Determine l(0).
-13
Let c(i) = 4*i**3 - 30*i**2 - 25*i + 95. Let k(y) = -11*y**3 + 91*y**2 + 79*y - 286. Let m(b) = -8*c(b) - 3*k(b). What is m(34)?
-4
Suppose -2*y - 11 + 3 = 0, r + 2 = -y. Let h be (-9)/r*228/513. Let x(o) be the first derivative of o**2 + o - 1. What is x(h)?
-3
Let z = -88 + 91. Suppose 0*a - 3*a = z. Let f(q) = 3*q**3 + q - 2*q - q**2 - 4*q**3 + 4*q**3. Determine f(a).
-3
Let n(l) be the first derivative of -17*l**6/360 - l**5/120 - 154*l**3/3 + 87. Let z(h) be the third derivative of n(h). Calculate z(1).
-18
Let t(j) be the third derivative of -j**6/120 - j**5/30 + 7*j**4/24 + 3*j**3/2 - 6098*j**2. Determine t(-2).
-5
Suppose 4*o - 7 = -3*m + 5*o, 2*o = -3*m + 4. Suppose 6*k - m*k = 308. Let p(c) = 10*c - 5 - 11*c**2 - k*c**3 + 7 + 78*c**3. What is p(10)?
2
Let c(t) = t**3 - 8*t**2 + 7*t - 8. Suppose 15*y - 39 = 2*y. Let a be (y + -2 + 5)*1. Give c(a).
-38
Let q(u) be the third derivative of -u**7/504 + u**6/360 + 11*u**5/30 + 2*u**3/3 - 44*u**2. Let n(w) be the third derivative of q(w). What is n(-3)?
32
Let j(o) = 49*o - 65. Let u(s) = 63*s - 63. Let t(q) = -4*j(q) + 3*u(q). Give t(10).
1
Suppose 24 = 3*v + 2*z, -5*v = 2*z + 12 - 48. Let q(o) = -o**3 + 9*o**2 - 8. Give q(v).
100
Let s(t) = -2*t**3 - 2*t**2 - 3*t. Let z(a) = 12*a**3 + 6*a**2 + 7*a - 1. Let q(y) = 3*s(y) + z(y). Let b(f) = f**2 + 5*f - 7. Let r be b(-6). Give q(r).
-5
Let o(a) be the third derivative of -a**5/120 + 7*a**4/24 - 28*a**3/3 + 54*a**2. Let w(b) be the first derivative of o(b). Calculate w(5).
2
Suppose 105 = 20*t + t. Let w(i) = -1240*i + 4 + 0 + 1245*i - 3*i**2 + t*i**2. Suppose 4*f - 5*f - 3 = 0. Calculate w(f).
7
Let x = 2879 + -2863. Let d(n) = -49*n + 779. Calculate d(x).
-5
Let o(i) be the first derivative of i**5/20 - 7*i**4/12 - 9*i**2/2 - 10*i - 2. Let u(a) be the first derivative of o(a). Let v be 3/(-2)*7*10/(-15). Give u(v).
-9
Suppose 4*x = 20, -6*z - 5*x = -4*z - 29. Let s(a) = -5*a - 1 + 2 + 6*a + z*a - 2*a**2 + 3*a**2. Determine s(-2).
-1
Let b be 492/(-861)*(8 + -1). Let d(a) = a**2 + 8*a - 1. Calculate d(b).
-17
Let o(y) = 2*y + 6. Let k be (386/6)/(1/(-3)). Let c = 188 + k. What is o(c)?
-4
Let z(v) = -v**3 + 4*v**2 + 4*v. Let b be (-194)/(1/2*1). Let d = b - -393. Give z(d).
-5
Let w(z) = -14*z + 1. Let l(r) = 165*r - 418. Let i(d) = l(d) + 11*w(d). Determine i(37).
0
Let n(z) = -6*z**2 - z**3 - 628*z - 676*z + 1303*z - 5. Suppose -25 = 5*i - 0. Determine n(i).
-25
Let n = -43 + 67. Let k = -7850 - -7850. Suppose 0 = -4*x - k*x - n. Let m(r) = -r**3 - 6*r**2 + r - 2. Calculate m(x).
-8
Suppose -4 = -5*t - 14, q + 2*t + 4 = 0. Suppose i - 8 = -i. Let z(j) = -i*j - j + 7*j + q*j. Determine z(3).
6
Let g(h) = 5*h - 14. Let s(u) = 15*u - 25. Let f(q) = -13*q + 25. Let t(l) = -3*f(l) - 2*s(l). Let n(o) = 11*g(o) - 6*t(o). Calculate n(6).
2
Let m(z) = 10*z - 84. Let y = -4546 - -4554. Calculate m(y).
-4
Let m be 58/8 - 55/220. Let d(a) be the third derivative of 2/3*a**3 + 1/120*a**6 - 6*a**2 + 0 + 0*a - 1/24*a**4 - 7/60*a**5. What is d(m)?
-3
Suppose 3*s - 18 = 3*c + 6, -c - 23 = -2*s. Let b(g) = -g - 79. Calculate b(s).
-94
Let n be 1*-1*12/(-4). Let k(d) = 87*d**2 + 0*d - 91*d**2 + 1 - d**n + 0 + d. Let b be (2/(-2))/(((-50)/15)/(-10)). Determine k(b).
-11
Let b(o) = o - 4. Suppose 0 = 2*z - 5*d - 8, 3*d - 9 = -4*z + 7. Let a(s) = s**3 - 2*s**2 - 11*s + 9. Let m be a(z). Let g be 2 + 3*m/(-27)*6. What is b(g)?
0
Let s(d) = -3*d**3 + 25*d**2 - 22*d + 10. Let a(t) = -4*t**3 + 37*t**2 - 33*t + 15. Let v(u) = 5*a(u) - 7*s(u). Let c = 671 + -682. What is v(c)?
5
Let b(a) = -a**2 + 12*a - 7. Let y be 0/(5/15*-6). Give b(y).
-7
Suppose 2*g = -4*v + 4, 4*g + 4*v - 9 = -1. Let r(f) = f**g + 3*f - 2 + 13 - 9. Determine r(-4).
6
Let q(f) be the second derivative of f**3/6 + 3*f**2 + 12*f - 28. Determine q(-16).
-10
Suppose 0*r = -6*r + 12. Let n(x) = r*x - 6*x + 5 - 1 + 5*x. Suppose -14 = 5*z - 4*z - 3*v, -3*z + 3*v - 30 = 0. Determine n(z).
-4
Let a(d) = d**3 - 9*d**2 - d - 60. Let x be a(10). Let n(f) = f - 32. What is n(x)?
-2
Let n(y) = -8*y**2 + 25*y + 49. Let q(l) = 19*l**2 - 53*l - 100. Let a(z) = -7*n(z) - 3*q(z). Calculate a(-4).
5
Let j(q) = -q**2 - 9*q - 18. Let d be j(-5). Let c(s) = -7*s**2 + 1 - 2*s + 8*s**2 - 4*s**d. Give c(1).
-4
Let k(x) = 3*x**2 - 3*x - 3. Suppose -4*y + 2 + 30 = -4*h, 5*y 